{"id":30,"date":"2025-01-07T16:43:06","date_gmt":"2025-01-07T16:43:06","guid":{"rendered":"http:\/\/nk-lasko.z-orbit.si\/?page_id=30"},"modified":"2025-01-07T16:43:06","modified_gmt":"2025-01-07T16:43:06","slug":"o-klubu","status":"publish","type":"page","link":"https:\/\/nk-lasko.si\/index.php\/o-klubu\/","title":{"rendered":"O KLUBU"},"content":{"rendered":"<div class=\"entry-summary\">\n<p><strong>NOGOMETNI KLUB LA\u0160KO<\/strong><br \/>\n<strong>Naslov:<\/strong> Huda jama 1, 3270 La\u0161ko<br \/>\n<strong>Dav\u010dna \u0161tevilka:<\/strong> 81587562<br \/>\n<strong>Mati\u010dna \u0161tevilka :<\/strong> 5800374<br \/>\n<strong>TRR:<\/strong>\u00a0<strong>SI56 0483 5000 3055 266<\/strong><br \/>\n<strong>Mail:<\/strong>\u00a0info@nk-lasko.si<br \/>\n<strong>Tel.\u0161t.: 031\/666-526<br \/>\nPredsednik kluba:\u00a0<\/strong>NOVAK Toma\u017e<br \/>\n<strong>Sekretar:<\/strong>\u00a0ARNAUTOVI\u0106 Nemanja<\/p>\n<\/div>\n","protected":false},"excerpt":{"rendered":"<p>NOGOMETNI KLUB LA\u0160KO Naslov: Huda jama 1, 3270 La\u0161ko Dav\u010dna \u0161tevilka: 81587562 Mati\u010dna \u0161tevilka : 5800374 TRR:\u00a0SI56 0483 5000 3055 266 Mail:\u00a0info@nk-lasko.si Tel.\u0161t.: 031\/666-526 Predsednik kluba:\u00a0NOVAK Toma\u017e Sekretar:\u00a0ARNAUTOVI\u0106 Nemanja<\/p>\n","protected":false},"author":1,"featured_media":0,"parent":0,"menu_order":0,"comment_status":"closed","ping_status":"closed","template":"","meta":{"footnotes":""},"class_list":["post-30","page","type-page","status-publish","hentry","entry"],"_links":{"self":[{"href":"https:\/\/nk-lasko.si\/index.php\/wp-json\/wp\/v2\/pages\/30","targetHints":{"allow":["GET"]}}],"collection":[{"href":"https:\/\/nk-lasko.si\/index.php\/wp-json\/wp\/v2\/pages"}],"about":[{"href":"https:\/\/nk-lasko.si\/index.php\/wp-json\/wp\/v2\/types\/page"}],"author":[{"embeddable":true,"href":"https:\/\/nk-lasko.si\/index.php\/wp-json\/wp\/v2\/users\/1"}],"replies":[{"embeddable":true,"href":"https:\/\/nk-lasko.si\/index.php\/wp-json\/wp\/v2\/comments?post=30"}],"version-history":[{"count":1,"href":"https:\/\/nk-lasko.si\/index.php\/wp-json\/wp\/v2\/pages\/30\/revisions"}],"predecessor-version":[{"id":31,"href":"https:\/\/nk-lasko.si\/index.php\/wp-json\/wp\/v2\/pages\/30\/revisions\/31"}],"wp:attachment":[{"href":"https:\/\/nk-lasko.si\/index.php\/wp-json\/wp\/v2\/media?parent=30"}],"curies":[{"name":"wp","href":"https:\/\/api.w.org\/{rel}","templated":true}]}}